57. Is g(64) a composite number?
False
Let f = 724 + -500. Suppose l - 5*x + f = 2*l, -3*l + 4*x = -634. Is l a prime number?
False
Let f = 223 + -10285. Is (-220)/(-35) + -6 + f/(-14) prime?
True
Suppose -2*n = -6, 6*n - n = -5*y + 90. Let u be 14*(-16294)/(-12) - (-5)/y. Suppose -u = -3*t - 7*t. Is t prime?
True
Suppose -301534 = -5*h + 191631. Is h a prime number?
False
Let x(q) = 29117*q**2 - 19*q + 151. Is x(-5) a prime number?
False
Suppose -18*h - 24 = -24*h. Suppose 2*l - 3*g - 5694 = 0, 0 = -h*l + 9*l + g - 14201. Is l a prime number?
False
Let m be (-168756)/(-224) + (-3)/8. Is (m/(-1 + -2) - 0)*-1 prime?
True
Let b(d) = -2*d. Let s be b(-4). Let u be (s + -1 + -4)*(-2)/(-3). Let v(l) = 58*l - 7. Is v(u) prime?
True
Let q = -6 - -33. Suppose -33*v + q*v = -54. Is 1046 - (72/(-20) + v/15) composite?
False
Suppose 5*i + 5*h - 3*h = 19, -h = 4*i - 14. Is (52024/(-32))/(i/(-12))*1 a prime number?
False
Suppose 8 = -q + 3*r, -3*q + 24 = -7*r + 10*r. Is (-3)/(-12)*1753*q prime?
True
Let s(z) = 3347*z - 34. Let b = -142 - -145. Is s(b) prime?
True
Suppose -1441939 = -23*n - 2*n + 13839336. Is n prime?
False
Let r = 26 + -22. Suppose 3*m - 1171 = -4*i + 9*i, r = 2*m. Let h = 30 - i. Is h a composite number?
False
Suppose 4416 = 2*d + 2*b, -3*d + 0*d = -5*b - 6648. Suppose 0 = 40*f - 43*f + d. Is f composite?
True
Let p(t) = -247547*t + 1173. Is p(-4) prime?
False
Let w(l) = 3246*l**3 + 2*l**2 - 4*l + 3. Suppose -g - b - 5 = 3*b, -b - 17 = -5*g. Suppose 0 = -7*k + g*k + 4. Is w(k) composite?
True
Let s(c) = -c + 3. Let f(b) = -819*b - 2. Let k(n) = -f(n) - 3*s(n). Is k(3) composite?
False
Is 5*(28/4 + ((-3230062)/(-55) - -8)) composite?
False
Let v(p) = -3 - 22 - 8 - 32*p. Is v(-34) a prime number?
False
Let n = 54 - 58. Let b(i) = 2*i**3 + 9*i**2 + 4*i + 3. Let f be b(n). Let v(p) = 9*p**3 - 4*p**2 + 5*p + 1. Is v(f) composite?
False
Suppose 2*l + 43478 - 144892 = 0. Is l prime?
True
Let n(s) = -s**3 - 4*s**2 + 12*s + 3. Let z be n(-6). Let a be ((-1)/z)/((-3)/18). Suppose -4*f + 1566 = 2*i - 6*f, 2*i = -a*f + 1582. Is i composite?
False
Suppose -7*m + 246088 = -2*c + 47, 4*c = -2*m + 70270. Is m a prime number?
False
Suppose 4*k - 12404 = -3*k. Let u = 2213 + 1508. Let z = u - k. Is z a composite number?
False
Suppose 46 = -6*a + 34. Is (-12283650)/(-1170) + a/(-13) composite?
False
Let t(d) = 6*d**3 + d**2 + 5*d + 1. Suppose 3*h = 19 - 1. Suppose -6 - h = -2*n. Is t(n) composite?
True
Let w = 16698 - 11493. Let k be (-2)/(-2 - -4) - -11. Suppose -w = -13*s + k*s. Is s composite?
True
Suppose -5*v = 2*g - 4331, 2*v = 5*g + 575 + 1169. Let f = -485 + v. Is f composite?
True
Let z be ((-4)/(-1))/(-2) + (-3475 - 10). Let q = z + 11556. Is q a prime number?
True
Let m(k) = -29933*k - 16. Is m(-1) composite?
False
Let f(c) = 3*c**2 - 8*c - 3. Let u be f(4). Suppose u*d - 27253 - 8874 = 0. Is d a prime number?
False
Suppose -2*w + 19 = 5*h, -5*w - h + 38 = 2*h. Suppose -d - 21858 = -w*d. Is d a composite number?
False
Let s = -16403 - -78693. Suppose -3*g = -13*g + s. Is g prime?
True
Let m(n) = 1119*n - 118. Let t(x) = 1677*x - 177. Let h(g) = -7*m(g) + 5*t(g). Is h(9) composite?
False
Suppose -6*o + 6 = 6. Suppose t - 5*b = 227, -5*t - 4*b + 1251 = -o*b. Let r = 396 - t. Is r prime?
True
Suppose -5*o + 6*b + 61 = 3*b, -2*o = -b - 25. Let t be 12/o*(-63)/(-18). Suppose -8*g + t*g = -14075. Is g composite?
True
Is (354/8)/(5/3442*(-18)/(-60)) a prime number?
False
Let t = 6004 - 2801. Suppose 0 = x + x - 2*j - 1284, -t = -5*x - 2*j. Is x prime?
True
Suppose 0 = 3*p + 2*f - 7671, -3*f = -4*p + 7*p - 7671. Is p a prime number?
True
Is (-238)/(-85)*(-26647790)/(-52) a prime number?
False
Let g = -11891 + 19781. Let m = -4641 + g. Is (2 + -1)*(m/3 - 2) a composite number?
True
Let j be 4/(9/(-3) - -4). Suppose -i + 18169 = -j*d, -i - 18169 = -2*i + 5*d. Is i prime?
True
Let b(v) be the third derivative of -17*v**4/8 + 13*v**3/3 - 5*v**2. Let k = 63 - 74. Is b(k) a prime number?
True
Let t = -606 + 1550. Suppose 0 = 42*a - 47*a - 615. Let j = a + t. Is j prime?
True
Let s = -71 + 76. Suppose -2*z + i = -14497, s*i + 7314 = z + 70. Is z prime?
False
Let q = -41682 + 107603. Is q a composite number?
False
Let g(v) = 25355*v + 261. Is g(4) composite?
False
Let f be 1*(-8)/20*-27465. Suppose f = -3*j + 1086. Is 2/(2 + j/1655) a prime number?
True
Let l be (12/8)/(12/3440). Is 5349/4 + l/40 + -11 a prime number?
False
Suppose 20*g - 28*g = -48. Let t be -9*(-2)/g + 39. Suppose 37*x = t*x - 6005. Is x a composite number?
False
Let t(q) = 5*q**2 - 5*q + 9. Let b(w) = 6*w**2 - 5*w + 10. Let z(g) = -4*b(g) + 5*t(g). Let h be z(3). Is 3*764/(-12)*h a composite number?
False
Let q = -17 + 36. Let c = 11232 + -8602. Suppose -14*h - c = -q*h. Is h a prime number?
False
Suppose -100512 = -n - 5*o, 0*o = 2*o + 10. Is n composite?
False
Let n be ((4 - 2) + 28/(-6))*(-6)/4. Let d(j) = 1621*j. Let k be d(1). Suppose -3*c = c, i - k = -n*c. Is i a prime number?
True
Suppose 0 = -3*o - 5*b + 8*b + 6050922, 0 = 3*b + 21. Is o prime?
True
Let a = -13 + 18. Let o(x) = -x + 3. Let v be o(a). Is ((-220)/v)/(14 + -12) a prime number?
False
Let v(r) = -10*r - 3*r + 4*r - 8. Let o = 15 - 20. Is v(o) composite?
False
Suppose 5*o + 25 = 0, r - 76 = 2*o + 41. Let n be 646/(-9) + 10/(-45). Let m = n + r. Is m composite?
True
Let x = -28664 + 86373. Is x composite?
False
Let z(p) = 152*p**2 + 31*p - 149. Is z(-16) composite?
True
Suppose 2*o - 3*o - 12 = -4*z, 5*z = -3*o + 15. Suppose 4931 = 3*r - 0*r + 4*n, -z*n + 6563 = 4*r. Is r composite?
False
Suppose 8340 = -49*u + 64*u. Suppose x + 5*h - u = 0, -724 = 5*x + 2*h - 3435. Is x a composite number?
False
Is (-1 - 7185)*(-135)/18*(-2)/(-30) a prime number?
True
Let n(j) = -5. Let x(q) = q - 31. Let p(s) = 30*n(s) - 5*x(s). Let w be p(-11). Let m = w - -233. Is m prime?
True
Let c = 899 - 588. Let d = c + 80. Is d prime?
False
Suppose 0 = 7*r - 6*r - 3. Suppose 220 + 22 = n + r*l, -2*n + 5*l + 440 = 0. Suppose -n - 751 = -3*f. Is f prime?
False
Let s be 12/16 - 34/(-8). Let z(v) = -15*v - 4 + 14 - s. Is z(-4) composite?
True
Suppose -15534 = 7*z + 41*z - 238446. Suppose 0 = 3*d - 0*d + 7701. Let u = d + z. Is u a prime number?
False
Let w(l) = 91*l**2 + 11*l + 4. Let k be w(18). Suppose -5*z + f + k - 2498 = 0, -2*z + 10859 = 5*f. Is z a composite number?
False
Let z(p) = -p**2 + 4*p**2 + 14*p - 2*p**3 + 12 + 10. Suppose 49*g - 42 = 55*g. Is z(g) a composite number?
False
Let q(k) = -k - 4 + 1 + 623*k**2 + 5*k - 9*k + k. Is q(-2) a prime number?
False
Suppose 3*u - 69 + 9 = 0. Let c = 140 - 144. Is 9585/u + c/16 composite?
False
Suppose 0 = -5*s + 10*s - 2*k - 460175, 5*k - 92008 = -s. Is s prime?
True
Let q = 41170 + -4089. Is q prime?
False
Suppose 32*o - 14*o + o = 1040497. Is o composite?
True
Let u be ((-13)/(-39))/(((-2)/(-12))/(-1)). Let q be 14 + 0 + 0/u + 0. Let w(d) = 2*d**2 - 4*d - 43. Is w(q) composite?
False
Let b = 92299 + -55874. Suppose -20*j - b = -100765. Is j prime?
True
Let v = 5120 - 3445. Suppose -5*c - 4*m = -8333, 12*c - v = 11*c + 2*m. Is c prime?
True
Let n be 7/(3/57 + 0). Let w = -104 - -370. Let p = w - n. Is p a composite number?
True
Suppose 0 = -2*n - 8, -5*o + 5*n = -209933 + 43423. Is o composite?
True
Let d(a) = a**2 + 13*a - 707. Let s be d(-50). Let w(z) = -4*z + 3. Let j be w(2). Is (0/(-2) + s)*j/(-15) a prime number?
False
Suppose 8*u = 5*u. Suppose u = -v - 2*a + 735 + 5439, 0 = -3*v - 5*a + 18524. Suppose -2*n + 4*b + v = 0, 3*b + 2299 = n - 787. Is n a prime number?
False
Let s(l) = -l**3 - 13*l**2 - 30*l. Let v be s(-10). Suppose v = 51*m - 407836 - 123125. Is m a composite number?
True
Let n be (2 + (-1)/3)*6. Is n/(-3)*79953/(-58) a composite number?
True
Let m(f) = 32*f**2 - 321*f - 5. Is m(72) a composite number?
False
Let c(p) = -4*p**2 - 9*p - 2. Let q = 45 - 47. Let s be c(q). Suppose -2*y + 289 + 237 = s. Is y a composite number?
False
Let p(g) = 782460*g**2 - 144*g - 145. Is p(-1) composite?
True
Suppose 4097764 = 92*c - 48*c. Is c a prime number?
True
Let d(w) = -217*w + 21. Suppose 0 = -6*p - 56 + 32. Is d(p) a prime number?
False
Let l(k) = 28*k**2 + 30*k - 15. Let s(d) = d. Let r(g) = l(g) - 5*s(g). Suppose -3*i + 4*y = 2*i - 58, -3*i + 2*y + 34 = 0. Is r(i) composite?
Tru